 j - 14/(-1)?
7
Suppose 7*u - 3*u = 0. Suppose -z - z + 40 = u. Suppose l + 4*l = z. What is the units digit of l?
4
Let x(k) = k**3 - 7*k**2 + 9*k - 13. Let l be x(6). Suppose -l*n + 0*h - 2*h = -792, 0 = -5*n - 3*h + 788. Let f = n - 91. What is the tens digit of f?
6
Let y be (-9)/(-4) - (-2)/(-8). Suppose -a - 15 = 3*t - 4*a, -15 = -2*t - 3*a. Let f = y + t. What is the units digit of f?
2
Suppose 0 = 3*v - 12*v. Suppose v = -2*n - 2*l + 302, 485 = 3*n - 2*l - 3*l. What is the units digit of n?
5
Let w be 35/7 + 6/2. Suppose 4*i - 912 = -w*i. What is the units digit of i?
6
Let f = -1028 - -2821. What is the hundreds digit of f?
7
Suppose -w = -6*w + 45. Suppose 3*n = 5*j + 17 - 1, 2*n = j - 1. What is the tens digit of (-168)/w*-3 - n?
5
Let r = -1272 - -2406. What is the tens digit of r?
3
Let h = -232 - -655. What is the units digit of h?
3
Let z = -105 - -215. What is the hundreds digit of z?
1
Let m = 1211 - -326. What is the hundreds digit of m?
5
Let j be ((-2)/(-5))/((-1)/25). Let v(s) = 5*s**3 + 29*s**2 - 8 - 19*s**2 - 2*s - 4*s**3 - 3*s. What is the tens digit of v(j)?
4
Let x(w) = -68*w - 280. What is the hundreds digit of x(-9)?
3
What is the hundreds digit of 2/((-4)/3) + 61347/78?
7
Let s be -5*(-1 + (-6)/(-10)). Suppose 3*r - 3*v + 142 = s*v, 5*r - 5*v = -230. What is the tens digit of 24/(-1)*33/r?
1
Suppose -5*v + 12 = -h, 4*h - 2*v - 7 = -19. What is the tens digit of h - 0 - 2 - (-330)/6?
5
Let i(j) = 2*j + 4. Let c be i(3). Suppose 5*s = c*s - 105. Suppose g - 3*v + 4 - s = 0, -85 = -5*g + 2*v. What is the tens digit of g?
1
Let u = -672 + 2084. What is the hundreds digit of u?
4
Let t(q) be the first derivative of -7*q**2/2 + 12*q - 9. What is the units digit of t(-3)?
3
Suppose -2*l + 20 = 2*l. Suppose -2 = 3*n - l*n. What is the units digit of n?
1
Suppose -5*l + 6*l - 151 = 0. What is the tens digit of l?
5
Let k = -1352 - -2264. What is the tens digit of k?
1
Suppose -4*l - 2*l + 2196 = 0. What is the hundreds digit of l?
3
Suppose 3*m - 104 = -l, -2*l - l + 6 = 0. What is the units digit of m*(3 - (-1)/(-2))?
5
Let w(y) = 4*y**2 + y - y**3 + 0*y**2 - y**2 + y**2. Let o be w(3). Let t = o + 11. What is the tens digit of t?
2
Suppose -17*a + 6913 = -1094. What is the hundreds digit of a?
4
Suppose 0 = -5*o + 639 - 49. Suppose 0 = b + b - o. What is the tens digit of b?
5
Let x = 142 + 243. What is the units digit of x?
5
Suppose -p + 4*m = -2*p - 10, -3*p + 4*m = -18. What is the units digit of p?
2
Let d(l) = 6*l - 1. Suppose 5*q + 25 = -5. Let m be d(q). Let h = 26 - m. What is the units digit of h?
3
Let q(m) = m**2 + 5*m + 5. Let r be q(-2). Let t(z) be the third derivative of -21*z**6/40 + z**5/60 + z**4/24 - 5*z**2. What is the units digit of t(r)?
3
Let w(m) = 3*m**2 + m - 1. Let u be w(1). Suppose -d = u*d - 20. Suppose 0 = d*s - 77 - 63. What is the units digit of s?
8
Suppose 3*j = -i - 75, 4*j + 3*i + 17 = 3*j. Let n = j - -26. Suppose 3*m - 2*b - 132 = n, 5*m = 5*b - 4*b + 220. What is the tens digit of m?
4
Suppose -3*r = -2*r - 2*d - 649, -3*r = 5*d - 1980. What is the hundreds digit of r?
6
Let a(f) = 2584*f. Suppose 2*t + 30 = 7*t. Let d(u) = 63*u. Let g(s) = t*a(s) - 247*d(s). What is the tens digit of g(-1)?
5
Let j(y) = -3*y + 46. Let p be j(13). Suppose -v = 5*k - 151, 0 = 5*v + p*k - 3*k - 839. What is the hundreds digit of v?
1
What is the units digit of (39/2 - -6)/(12/224)?
6
Let a = -885 - -1757. What is the hundreds digit of a?
8
Let u = 19 - 34. What is the tens digit of (0 - -46) + 18 + u?
4
Let i(n) = -34*n**2 - 17. Let a be (-27)/4 + 2/(-8). Let v be i(a). What is the tens digit of v/34*(-4)/6?
3
Let z be 3/(-8) - 729/(-216). Suppose 3*s - 288 = z*y, 0*s + 4*y - 392 = -4*s. What is the tens digit of s?
9
Suppose -9*b + 48 = -12*b. What is the units digit of (-432)/b - 0/1?
7
Let a(c) = c**3 + 13*c**2 + 14*c + 16. Let f be a(-12). What is the units digit of 0 + (f - -4) - -56?
2
Let j(t) = 48*t**3 + 24*t**2 - 78*t + 2. What is the hundreds digit of j(3)?
2
Let o(g) = -13*g**3 + 3*g + 1. Let x be o(-2). Suppose 3*i - x - 9 = 0. What is the units digit of i?
6
Suppose -6*v + 371 + 415 = 0. Let d = v + 28. What is the tens digit of d?
5
Let v = -114 - -150. What is the tens digit of v?
3
Suppose 0 = -4*l - 3*v + 1578, 5*l - 4*v + 103 = 2060. What is the tens digit of l?
9
Suppose 2*r - 21 = -189. Let x = 145 + r. What is the units digit of x?
1
Let q(y) = 4*y - 15. Let z be q(6). Let n be (-20)/90 + 1181/z. Suppose -5*x + 14 = -n. What is the units digit of x?
9
Suppose 2*z + 6 = 0, -3*v + 0*v = 5*z - 45. What is the units digit of v/(-4) + 1*66?
1
Let s(z) = -9*z - 13. Suppose t = -2*d + 5, d - 5 = -3*t - 15. Let h be s(t). What is the tens digit of (h - -1)*18/18?
3
Suppose 31*k = 25*k + 2448. Let f = k + -212. What is the tens digit of f?
9
Let w be (-2608)/(-6)*(-15)/(-10). What is the tens digit of 0 + (-2)/(-3) + w/12?
5
Let m(z) = -18 + 4 - 4*z + 9. Let r(g) = -3*g - 6. Let b(p) = 2*m(p) - 3*r(p). What is the units digit of b(8)?
6
What is the units digit of (-2924)/119*49/(-2)?
2
Suppose -2*t - 5*d + 824 = 0, -2*t + 5*d - 1668 = -6*t. Let r = t + -216. What is the tens digit of r?
0
Let j(h) = h + 16. Let c be j(-12). Suppose 3*g - 2*f = c, 3*g - 4*f + 3*f = 5. Let m = 4 + g. What is the units digit of m?
6
Suppose 0 = 4*w - 3*z - 5635, -5*w - z + 7020 = -0*w. What is the hundreds digit of w?
4
Let y = 33 + -27. Suppose 5*t + 30 = 5*r, 2*t + 0*r - 6 = -4*r. What is the units digit of (1/t)/(y/(-18))?
1
Let x = 366 + 34. What is the hundreds digit of x?
4
Suppose 3*v - 4*t - 20 = -v, 2*v + 3*t = -5. Suppose -3*l - v = -32. What is the units digit of l?
0
Let w be (5012/(-35))/(3/(-15)). Let m = w + -441. What is the tens digit of m?
7
Suppose -8 = -2*n + 30. Let v = 20 + n. What is the units digit of v?
9
Let u(o) = o**3 + o. Let s be u(1). Suppose i + 55 = s*i. What is the tens digit of i?
5
Let c(b) = -b**3 - 13*b**2 - 11*b + 16. Let t be c(-12). Suppose 4*h = -4*v + 24, t*h = -2*v + 5 + 15. Let g(f) = 8*f + 2. What is the tens digit of g(v)?
1
Suppose 22*f = 7*f + 1395. Suppose 19*g + f = 20*g. What is the tens digit of g?
9
Let g(t) = -4*t. Let l(v) = -v**2 + 7. Let y be l(3). Let q be 0 + y + (-3 - 0). What is the units digit of g(q)?
0
Let m be 4/26 - (-120)/65. Suppose -4*v + 94 = -m*v. What is the tens digit of v?
4
Let q = -175 - -212. What is the units digit of q?
7
Suppose r = -3*r - 48. Let q(n) = 3*n - 54. Let g be q(23). Let u = g + r. What is the units digit of u?
3
Suppose k + 28 + 0 = 5*f, -f + 2 = k. Suppose f*s + 13 = h, 2*s = 3*h - 15 + 2. Suppose -4*v + 193 - 36 = 3*d, 139 = 4*v - h*d. What is the tens digit of v?
3
Suppose -4*i + 28 - 12 = 0. What is the units digit of 1/i - (-2 + (-81)/12)?
9
Let s(o) = -o - 1. Let h(v) = 7*v + 4. Let j(b) = -h(b) - 3*s(b). What is the units digit of j(-2)?
7
Suppose -5*x + 5*h + 185 = 0, 6*h - 8 = 2*h. Let v = -28 + x. Suppose j - v = 26. What is the units digit of j?
7
What is the units digit of (-1 + 2 + (43 - 105))*-21?
1
Let k = 19 - 10. Suppose -3*v = -4*v + k. Let d = -5 + v. What is the units digit of d?
4
Suppose 15 = 2*f - o, -o - 5 = 2*f - 18. Let i(c) = c**2 - 8*c + 10. Let x be i(f). Suppose -x = w - 9. What is the units digit of w?
6
Suppose 5*r - 4*d + 88 = r, -3*d = -5*r - 112. Let b(n) = n**2 + 18*n + 35. What is the hundreds digit of b(r)?
1
Let l = 710 - -610. What is the thousands digit of l?
1
What is the units digit of 4/(-24) - (-19208)/48?
0
Suppose 15*p - 55 = 10*p. Let h(f) = -2*f + 31. What is the units digit of h(p)?
9
Suppose -5*d - 146 + 61 = 0. Let q be 2*-2 - d/1. Suppose q*i - 11*i - 54 = 0. What is the tens digit of i?
2
Suppose 2672 = 2*t + 5*y, -3*t + 4013 = -0*t + 5*y. What is the hundreds digit of t?
3
Let m(f) = 71*f**3 - 1. Let k be m(-1). Let a = -45 - k. What is the units digit of a?
7
Let c(h) = 19*h**2 + 20*h + 8. What is the tens digit of c(-5)?
8
Let x(b) = 2*b - 4 - b + 3*b - 2*b. Let c be x(3). Suppose 7 = c*a + 1, -4*z = -4*a - 84. What is the units digit of z?
4
Let r(g) = 4*g**3 - 32*g**2 + 3. What is the tens digit of r(12)?
0
Let z(p) = 3*p + 21. Let n be z(0). Suppose 20*j = n*j - 4. What is the units digit of j?
4
Let t(i) = 4*i**2 - 5*i - 5. Let b be t(6). Suppose -b 